{"id":532,"date":"2026-04-18T09:44:50","date_gmt":"2026-04-18T07:44:50","guid":{"rendered":"https:\/\/etstoubal.com\/?post_type=product&#038;p=532"},"modified":"2026-04-26T14:33:35","modified_gmt":"2026-04-26T12:33:35","slug":"manometre-1-voie-basse-pression-special-maintenance-clim-frigo-r32-r410a-r134a","status":"publish","type":"product","link":"https:\/\/etstoubal.com\/index.php\/produit\/manometre-1-voie-basse-pression-special-maintenance-clim-frigo-r32-r410a-r134a\/","title":{"rendered":"Manom\u00e8tre 1 Voie Basse Pression \u2013 Sp\u00e9cial Maintenance Clim &#038; Frigo (R32 \/ R410A \/ R134a)"},"content":{"rendered":"","protected":false},"excerpt":{"rendered":"<p>\ud83d\ude80<strong>Manom\u00e8tre 1 Voie Basse Pression \u2013 Sp\u00e9cial Maintenance Clim &amp; Frigo (R32 \/ R410A \/ R134a)<\/strong><\/p>\n<p>manom\u00e8tre de collecteur \u00e0 voie unique, id\u00e9al pour les techniciens frigoristes et les op\u00e9rations de recharge ou de diagnostic de syst\u00e8mes de climatisation.<\/p>\n<div id=\"gtx-trans\" style=\"position: absolute; left: 50px; top: 41px;\">\n<div class=\"gtx-trans-icon\"><\/div>\n<\/div>\n","protected":false},"featured_media":487,"comment_status":"open","ping_status":"closed","template":"","meta":{"advanced_seo_description":"","jetpack_seo_html_title":"","jetpack_seo_noindex":false},"product_brand":[78],"product_cat":[57],"product_tag":[100,98,93,99,94,95,97,74,75,96],"class_list":{"0":"post-532","1":"product","2":"type-product","3":"status-publish","4":"has-post-thumbnail","6":"product_brand-eko","7":"product_cat-outils-professionnel","8":"product_tag-froid-et-climatisation","9":"product_tag-maintenance-hvac","10":"product_tag-manifold-1-voie","11":"product_tag-manometre-bleu","12":"product_tag-manometre-frigoriste","13":"product_tag-outillage-clim","14":"product_tag-pompe-a-chaleur","15":"product_tag-r32","16":"product_tag-r410a","17":"product_tag-recharge-gaz","19":"first","20":"instock","21":"taxable","22":"shipping-taxable","23":"purchasable","24":"product-type-simple"},"jetpack_sharing_enabled":true,"_links":{"self":[{"href":"https:\/\/etstoubal.com\/index.php\/wp-json\/wp\/v2\/product\/532","targetHints":{"allow":["GET"]}}],"collection":[{"href":"https:\/\/etstoubal.com\/index.php\/wp-json\/wp\/v2\/product"}],"about":[{"href":"https:\/\/etstoubal.com\/index.php\/wp-json\/wp\/v2\/types\/product"}],"replies":[{"embeddable":true,"href":"https:\/\/etstoubal.com\/index.php\/wp-json\/wp\/v2\/comments?post=532"}],"wp:featuredmedia":[{"embeddable":true,"href":"https:\/\/etstoubal.com\/index.php\/wp-json\/wp\/v2\/media\/487"}],"wp:attachment":[{"href":"https:\/\/etstoubal.com\/index.php\/wp-json\/wp\/v2\/media?parent=532"}],"wp:term":[{"taxonomy":"product_brand","embeddable":true,"href":"https:\/\/etstoubal.com\/index.php\/wp-json\/wp\/v2\/product_brand?post=532"},{"taxonomy":"product_cat","embeddable":true,"href":"https:\/\/etstoubal.com\/index.php\/wp-json\/wp\/v2\/product_cat?post=532"},{"taxonomy":"product_tag","embeddable":true,"href":"https:\/\/etstoubal.com\/index.php\/wp-json\/wp\/v2\/product_tag?post=532"}],"curies":[{"name":"wp","href":"https:\/\/api.w.org\/{rel}","templated":true}]}}