{"id":574,"date":"2026-04-19T09:57:04","date_gmt":"2026-04-19T07:57:04","guid":{"rendered":"https:\/\/etstoubal.com\/?post_type=product&#038;p=574"},"modified":"2026-04-26T14:24:20","modified_gmt":"2026-04-26T12:24:20","slug":"dudgeonniere-ct-278-coupe-tube-cle-a-cliquer","status":"publish","type":"product","link":"https:\/\/etstoubal.com\/index.php\/produit\/dudgeonniere-ct-278-coupe-tube-cle-a-cliquer\/","title":{"rendered":"dudgeonniere (CT-278) +coupe tube + cl\u00e9 a cliquer"},"content":{"rendered":"<div class=\"Y3BBE\" data-sfc-cp=\"\" data-sfc-root=\"c\" data-sfc-cb=\"\" data-hveid=\"CK0CEAA\" data-processed=\"true\"><strong class=\"Yjhzub\" data-sfc-root=\"c\" data-sfc-cb=\"\" data-processed=\"true\">Ce que contient ce coffret (Kit CT-278) :<\/strong><button class=\"rBl3me\" tabindex=\"0\" data-amic=\"true\" data-icl-uuid=\"5cdd6250-340d-4ee4-b1eb-b30a7b6aaa05\" aria-label=\"Afficher les liens associ\u00e9s\" data-wiz-attrbind=\"disabled=luXrFd_384\/C5gNJc;aria-label=luXrFd_384\/bOjMyf;class=luXrFd_384\/UpSNec\" data-ved=\"2ahUKEwjYu8uxsfmTAxVvfqQEHYWqECQQye0OegUIrQIQAQ\" data-hveid=\"CK0CEAE\" data-processed=\"true\"><\/button><\/div>\n<ul class=\"KsbFXc U6u95\" data-sfc-root=\"c\" data-sfc-cb=\"\" data-processed=\"true\">\n<li class=\"dF3vjf\" data-sfc-root=\"c\" data-sfc-cb=\"\" data-hveid=\"CLACEAA\" data-processed=\"true\"><span class=\"T286Pc\" data-sfc-cp=\"\" data-sfc-root=\"c\" data-sfc-cb=\"\" data-processed=\"true\"><strong class=\"Yjhzub\" data-sfc-root=\"c\" data-sfc-cb=\"\" data-processed=\"true\">\u00c9trier de dudgeonnage :<\/strong>\u00a0Avec c\u00f4ne excentrique pour des collets lisses et r\u00e9guliers.<\/span><\/li>\n<li class=\"dF3vjf\" data-sfc-root=\"c\" data-sfc-cb=\"\" data-hveid=\"CLACEAE\" data-processed=\"true\"><span class=\"T286Pc\" data-sfc-cp=\"\" data-sfc-root=\"c\" data-sfc-cb=\"\" data-processed=\"true\"><strong class=\"Yjhzub\" data-sfc-root=\"c\" data-sfc-cb=\"\" data-processed=\"true\">2 Barrettes de maintien :<\/strong>\u00a0Multi-diam\u00e8tres (pouces et mm) pour s&rsquo;adapter \u00e0 toutes les liaisons clim (1\/8&Prime; \u00e0 3\/4&Prime;).<\/span><\/li>\n<li class=\"dF3vjf\" data-sfc-root=\"c\" data-sfc-cb=\"\" data-hveid=\"CLACEAI\" data-processed=\"true\"><span class=\"T286Pc\" data-sfc-cp=\"\" data-sfc-root=\"c\" data-sfc-cb=\"\" data-processed=\"true\"><strong class=\"Yjhzub\" data-sfc-root=\"c\" data-sfc-cb=\"\" data-processed=\"true\">5 Adaptateurs d&rsquo;\u00e9vasement :<\/strong>\u00a0Pour r\u00e9aliser des embo\u00eetures parfaites avant soudure.<\/span><\/li>\n<li class=\"dF3vjf\" data-sfc-root=\"c\" data-sfc-cb=\"\" data-hveid=\"CLACEAM\" data-processed=\"true\"><span class=\"T286Pc\" data-sfc-cp=\"\" data-sfc-root=\"c\" data-sfc-cb=\"\" data-processed=\"true\"><strong class=\"Yjhzub\" data-sfc-root=\"c\" data-sfc-cb=\"\" data-processed=\"true\">Coupe-tube inclus :<\/strong>\u00a0Pour des coupes nettes avant le dudgeon.<\/span><\/li>\n<li class=\"dF3vjf\" data-sfc-root=\"c\" data-sfc-cb=\"\" data-hveid=\"CLACEAQ\" data-processed=\"true\"><span class=\"T286Pc\" data-sfc-cp=\"\" data-sfc-root=\"c\" data-sfc-cb=\"\" data-processed=\"true\"><strong class=\"Yjhzub\" data-sfc-root=\"c\" data-sfc-cb=\"\" data-processed=\"true\">Cl\u00e9 \u00e0 cliquet frigoriste :<\/strong>\u00a0(Si visible sur votre mod\u00e8le) pour manipuler les vannes de service.<\/span><\/li>\n<li class=\"dF3vjf\" data-sfc-root=\"c\" data-sfc-cb=\"\" data-hveid=\"CLACEAU\" data-processed=\"true\"><span class=\"T286Pc\" data-sfc-cp=\"\" data-sfc-root=\"c\" data-sfc-cb=\"\" data-processed=\"true\"><strong class=\"Yjhzub\" data-sfc-root=\"c\" data-sfc-cb=\"\" data-processed=\"true\">Mallette de transport rigide :<\/strong>\u00a0Rangement organis\u00e9 et protection contre les chocs.<\/span><button class=\"rBl3me\" tabindex=\"0\" data-amic=\"true\" data-icl-uuid=\"731d752e-bb06-43cb-ab6c-268f732b7f58\" aria-label=\"Afficher les liens associ\u00e9s\" data-wiz-attrbind=\"disabled=luXrFd_39c\/C5gNJc;aria-label=luXrFd_39c\/bOjMyf;class=luXrFd_39c\/UpSNec\" data-ved=\"2ahUKEwjYu8uxsfmTAxVvfqQEHYWqECQQye0OegUIsAIQBg\" data-hveid=\"CLACEAY\" data-processed=\"true\"><\/button><\/li>\n<\/ul>\n<div class=\"Y3BBE\" data-sfc-cp=\"\" data-sfc-root=\"c\" data-sfc-cb=\"\" data-hveid=\"CLICEAA\" data-processed=\"true\" aria-owns=\"action-menu-parent-container\"><strong class=\"Yjhzub\" data-sfc-root=\"c\" data-sfc-cb=\"\" data-processed=\"true\">Usage :<\/strong>\u00a0Id\u00e9al pour l&rsquo;installation de climatiseurs, pompes \u00e0 chaleur (PAC) et syst\u00e8mes de r\u00e9frig\u00e9ration.<\/div>\n","protected":false},"excerpt":{"rendered":"<p><strong>Coffret Dudgeonni\u00e8re Pro + Kit \u00c9vasement &amp; Coupe-Tube \u2013 Sp\u00e9cial Clim\/Frigo<\/strong><\/p>\n<div class=\"Y3BBE\" data-sfc-cp=\"\" data-sfc-root=\"c\" data-sfc-cb=\"\" data-hveid=\"CKsCEAA\" data-processed=\"true\">Vends kit complet de dudgeonnage et d&rsquo;\u00e9vasement pour tubes en cuivre, aluminium et laiton. Mat\u00e9riel robuste con\u00e7u pour des raccordements frigorifiques 100% \u00e9tanches.<button class=\"rBl3me\" tabindex=\"0\" data-amic=\"true\" data-icl-uuid=\"a17022d4-7cb7-401b-ba92-3caf868203a8\" aria-label=\"Afficher les liens associ\u00e9s\" data-wiz-attrbind=\"disabled=luXrFd_37c\/C5gNJc;aria-label=luXrFd_37c\/bOjMyf;class=luXrFd_37c\/UpSNec\" data-ved=\"2ahUKEwjYu8uxsfmTAxVvfqQEHYWqECQQye0OegUIqwIQAQ\" data-hveid=\"CKsCEAE\" data-processed=\"true\"><\/button><\/div>\n","protected":false},"featured_media":578,"comment_status":"open","ping_status":"closed","template":"","meta":{"advanced_seo_description":"","jetpack_seo_html_title":"","jetpack_seo_noindex":false},"product_brand":[78],"product_cat":[57],"product_tag":[145,143,146,144,100,64,140,147,105,62],"class_list":{"0":"post-574","1":"product","2":"type-product","3":"status-publish","4":"has-post-thumbnail","6":"product_brand-eko","7":"product_cat-outils-professionnel","8":"product_tag-collet-battu","9":"product_tag-dudgeonniere","10":"product_tag-evasement-cuivre","11":"product_tag-flangeador","12":"product_tag-froid-et-climatisation","13":"product_tag-hvac","14":"product_tag-installation-clim","15":"product_tag-kit-dudgeon","16":"product_tag-outil-cvc","17":"product_tag-outillage-frigoriste","19":"first","20":"instock","21":"taxable","22":"shipping-taxable","23":"purchasable","24":"product-type-simple"},"jetpack_sharing_enabled":true,"_links":{"self":[{"href":"https:\/\/etstoubal.com\/index.php\/wp-json\/wp\/v2\/product\/574","targetHints":{"allow":["GET"]}}],"collection":[{"href":"https:\/\/etstoubal.com\/index.php\/wp-json\/wp\/v2\/product"}],"about":[{"href":"https:\/\/etstoubal.com\/index.php\/wp-json\/wp\/v2\/types\/product"}],"replies":[{"embeddable":true,"href":"https:\/\/etstoubal.com\/index.php\/wp-json\/wp\/v2\/comments?post=574"}],"wp:featuredmedia":[{"embeddable":true,"href":"https:\/\/etstoubal.com\/index.php\/wp-json\/wp\/v2\/media\/578"}],"wp:attachment":[{"href":"https:\/\/etstoubal.com\/index.php\/wp-json\/wp\/v2\/media?parent=574"}],"wp:term":[{"taxonomy":"product_brand","embeddable":true,"href":"https:\/\/etstoubal.com\/index.php\/wp-json\/wp\/v2\/product_brand?post=574"},{"taxonomy":"product_cat","embeddable":true,"href":"https:\/\/etstoubal.com\/index.php\/wp-json\/wp\/v2\/product_cat?post=574"},{"taxonomy":"product_tag","embeddable":true,"href":"https:\/\/etstoubal.com\/index.php\/wp-json\/wp\/v2\/product_tag?post=574"}],"curies":[{"name":"wp","href":"https:\/\/api.w.org\/{rel}","templated":true}]}}