{"id":580,"date":"2026-04-19T10:39:23","date_gmt":"2026-04-19T08:39:23","guid":{"rendered":"https:\/\/etstoubal.com\/?post_type=product&#038;p=580"},"modified":"2026-04-26T14:22:54","modified_gmt":"2026-04-26T12:22:54","slug":"dudgeonniere-ct-275","status":"publish","type":"product","link":"https:\/\/etstoubal.com\/index.php\/produit\/dudgeonniere-ct-275\/","title":{"rendered":"dudgeonniere (CT-275)"},"content":{"rendered":"<div class=\"Y3BBE\" data-sfc-cp=\"\" data-sfc-root=\"c\" data-sfc-cb=\"\" data-hveid=\"CJUCEAA\" data-processed=\"true\"><strong class=\"Yjhzub\" data-sfc-root=\"c\" data-sfc-cb=\"\" data-processed=\"true\">Points forts de ce kit :<\/strong><button class=\"rBl3me\" tabindex=\"0\" data-amic=\"true\" data-icl-uuid=\"812aa712-9b02-4aa7-ad7b-47a1b355ef0c\" aria-label=\"Afficher les liens associ\u00e9s\" data-wiz-attrbind=\"disabled=luXrFd_32f\/C5gNJc;aria-label=luXrFd_32f\/bOjMyf;class=luXrFd_32f\/UpSNec\" data-ved=\"2ahUKEwjYu8uxsfmTAxVvfqQEHYWqECQQye0OegUIlQIQAQ\" data-hveid=\"CJUCEAE\" data-processed=\"true\"><\/button><\/div>\n<ul class=\"KsbFXc U6u95\" data-sfc-root=\"c\" data-sfc-cb=\"\" data-processed=\"true\">\n<li class=\"dF3vjf\" data-sfc-root=\"c\" data-sfc-cb=\"\" data-hveid=\"CJkCEAA\" data-processed=\"true\"><span class=\"T286Pc\" data-sfc-cp=\"\" data-sfc-root=\"c\" data-sfc-cb=\"\" data-processed=\"true\"><strong class=\"Yjhzub\" data-sfc-root=\"c\" data-sfc-cb=\"\" data-processed=\"true\">Polyvalence Maximale :<\/strong>\u00a0Permet de dudgeonner\u00a0<strong class=\"Yjhzub\" data-sfc-root=\"c\" data-sfc-cb=\"\" data-processed=\"true\">9 dimensions<\/strong>\u00a0et d&rsquo;\u00e9vaser\u00a0<strong class=\"Yjhzub\" data-sfc-root=\"c\" data-sfc-cb=\"\" data-processed=\"true\">7 dimensions<\/strong>\u00a0de tubes avec un seul coffret.<\/span><\/li>\n<li class=\"dF3vjf\" data-sfc-root=\"c\" data-sfc-cb=\"\" data-hveid=\"CJkCEAE\" data-processed=\"true\"><span class=\"T286Pc\" data-sfc-cp=\"\" data-sfc-root=\"c\" data-sfc-cb=\"\" data-processed=\"true\"><strong class=\"Yjhzub\" data-sfc-root=\"c\" data-sfc-cb=\"\" data-processed=\"true\">Capacit\u00e9 :<\/strong>\u00a0Couvre les diam\u00e8tres 1\/8&Prime;, 3\/16&Prime;, 1\/4&Prime;, 5\/16&Prime;, 3\/8&Prime;, 7\/16&Prime;, 1\/2&Prime;, 5\/8&Prime; et 3\/4&Prime;.<\/span><\/li>\n<li class=\"dF3vjf\" data-sfc-root=\"c\" data-sfc-cb=\"\" data-hveid=\"CJkCEAI\" data-processed=\"true\"><span class=\"T286Pc\" data-sfc-cp=\"\" data-sfc-root=\"c\" data-sfc-cb=\"\" data-processed=\"true\"><strong class=\"Yjhzub\" data-sfc-root=\"c\" data-sfc-cb=\"\" data-processed=\"true\">Syst\u00e8me Swaging (\u00c9vasement) :<\/strong>\u00a0Inclut\u00a0<strong class=\"Yjhzub\" data-sfc-root=\"c\" data-sfc-cb=\"\" data-processed=\"true\">5 adaptateurs d&rsquo;\u00e9vasement<\/strong>\u00a0interchangeables pour cr\u00e9er des embo\u00eetures de haute qualit\u00e9 avant soudure.<\/span><\/li>\n<li class=\"dF3vjf\" data-sfc-root=\"c\" data-sfc-cb=\"\" data-hveid=\"CJkCEAM\" data-processed=\"true\"><span class=\"T286Pc\" data-sfc-cp=\"\" data-sfc-root=\"c\" data-sfc-cb=\"\" data-processed=\"true\"><strong class=\"Yjhzub\" data-sfc-root=\"c\" data-sfc-cb=\"\" data-processed=\"true\">Pr\u00e9cision :<\/strong>\u00a0\u00c9trier robuste avec c\u00f4ne de 45\u00b0 pour un formage liss\u00e9 et uniforme du cuivre.<\/span><\/li>\n<li class=\"dF3vjf\" data-sfc-root=\"c\" data-sfc-cb=\"\" data-hveid=\"CJkCEAQ\" data-processed=\"true\"><span class=\"T286Pc\" data-sfc-cp=\"\" data-sfc-root=\"c\" data-sfc-cb=\"\" data-processed=\"true\" aria-owns=\"action-menu-parent-container\"><strong class=\"Yjhzub\" data-sfc-root=\"c\" data-sfc-cb=\"\" data-processed=\"true\">Rangement :<\/strong>\u00a0Livr\u00e9 dans sa mallette de transport rigide (g\u00e9n\u00e9ralement rouge ou bleue selon arrivage) pour prot\u00e9ger vos outils.<\/span><\/li>\n<\/ul>\n<p><strong class=\"Yjhzub\" data-sfc-root=\"c\" data-sfc-cb=\"\" data-processed=\"true\">Usage :<\/strong>\u00a0Indispensable pour les frigoristes, installateurs de PAC et techniciens CVC.<span class=\"uJ19be notranslate\" data-sfc-root=\"c\" data-wiz-uids=\"luXrFd_3b6,luXrFd_3b7\" data-sfc-cb=\"\" data-processed=\"true\"><span class=\"vKEkVd\" data-animation-atomic=\"\" data-wiz-attrbind=\"class=luXrFd_3b0\/TKHnVd\" data-processed=\"true\"><span aria-hidden=\"true\" data-processed=\"true\" aria-owns=\"action-menu-parent-container\">\u00a0<\/span><\/span><\/span><\/p>\n","protected":false},"excerpt":{"rendered":"<div class=\"Y3BBE\" data-sfc-cp=\"\" data-sfc-root=\"c\" data-sfc-cb=\"\" data-hveid=\"CIECEAA\" data-processed=\"true\"><strong class=\"Yjhzub\" data-sfc-root=\"c\" data-sfc-cb=\"\" data-processed=\"true\">Kit Dudgeonni\u00e8re &amp; \u00c9vasement CT-275 \u2013 Coffret Pro Multi-Tailles (1\/8&Prime; \u00e0 3\/4&Prime;)<\/strong><button class=\"rBl3me\" tabindex=\"0\" data-amic=\"true\" data-icl-uuid=\"b1c507a1-cc0f-49b8-a0ea-7d6a6394f735\" aria-label=\"Afficher les liens associ\u00e9s\" data-wiz-attrbind=\"disabled=luXrFd_2to\/C5gNJc;aria-label=luXrFd_2to\/bOjMyf;class=luXrFd_2to\/UpSNec\" data-ved=\"2ahUKEwjYu8uxsfmTAxVvfqQEHYWqECQQye0OegUIgQIQAQ\" data-hveid=\"CIECEAE\" data-processed=\"true\"><\/button><\/div>\n<div class=\"Fsg96\" data-sfc-cp=\"\" data-sfc-root=\"c\" data-sfc-cb=\"\" data-processed=\"true\"><\/div>\n<hr class=\"j3tEEe\" data-sfc-root=\"c\" data-sfc-pl=\"|[]\" data-sfc-cb=\"\" data-processed=\"true\" \/>\n<div class=\"Fsg96\" data-sfc-cp=\"\" data-sfc-root=\"c\" data-sfc-cb=\"\" data-processed=\"true\"><\/div>\n<p>Vends coffret complet de dudgeonnage \u00e0 45\u00b0 et d&rsquo;\u00e9vasement pour tubes en cuivre, aluminium et laiton. C\u2019est l\u2019outil id\u00e9al pour r\u00e9aliser des collets battus et des embo\u00eetures \u00e9tanches sur vos installations de climatisation et pompes \u00e0 chaleur.<\/p>\n","protected":false},"featured_media":584,"comment_status":"open","ping_status":"closed","template":"","meta":{"advanced_seo_description":"","jetpack_seo_html_title":"","jetpack_seo_noindex":false},"product_brand":[78],"product_cat":[57],"product_tag":[145,148,143,149,64,140,105,62,150,151],"class_list":{"0":"post-580","1":"product","2":"type-product","3":"status-publish","4":"has-post-thumbnail","6":"product_brand-eko","7":"product_cat-outils-professionnel","8":"product_tag-collet-battu","9":"product_tag-ct-275","10":"product_tag-dudgeonniere","11":"product_tag-evaseur-cuivre","12":"product_tag-hvac","13":"product_tag-installation-clim","14":"product_tag-outil-cvc","15":"product_tag-outillage-frigoriste","16":"product_tag-r32-r410a","17":"product_tag-soudure-cuivre","19":"first","20":"instock","21":"taxable","22":"shipping-taxable","23":"purchasable","24":"product-type-simple"},"jetpack_sharing_enabled":true,"_links":{"self":[{"href":"https:\/\/etstoubal.com\/index.php\/wp-json\/wp\/v2\/product\/580","targetHints":{"allow":["GET"]}}],"collection":[{"href":"https:\/\/etstoubal.com\/index.php\/wp-json\/wp\/v2\/product"}],"about":[{"href":"https:\/\/etstoubal.com\/index.php\/wp-json\/wp\/v2\/types\/product"}],"replies":[{"embeddable":true,"href":"https:\/\/etstoubal.com\/index.php\/wp-json\/wp\/v2\/comments?post=580"}],"wp:featuredmedia":[{"embeddable":true,"href":"https:\/\/etstoubal.com\/index.php\/wp-json\/wp\/v2\/media\/584"}],"wp:attachment":[{"href":"https:\/\/etstoubal.com\/index.php\/wp-json\/wp\/v2\/media?parent=580"}],"wp:term":[{"taxonomy":"product_brand","embeddable":true,"href":"https:\/\/etstoubal.com\/index.php\/wp-json\/wp\/v2\/product_brand?post=580"},{"taxonomy":"product_cat","embeddable":true,"href":"https:\/\/etstoubal.com\/index.php\/wp-json\/wp\/v2\/product_cat?post=580"},{"taxonomy":"product_tag","embeddable":true,"href":"https:\/\/etstoubal.com\/index.php\/wp-json\/wp\/v2\/product_tag?post=580"}],"curies":[{"name":"wp","href":"https:\/\/api.w.org\/{rel}","templated":true}]}}