{"id":585,"date":"2026-04-19T10:55:36","date_gmt":"2026-04-19T08:55:36","guid":{"rendered":"https:\/\/etstoubal.com\/?post_type=product&#038;p=585"},"modified":"2026-04-26T14:22:19","modified_gmt":"2026-04-26T12:22:19","slug":"dudgeonniere-ct-525","status":"publish","type":"product","link":"https:\/\/etstoubal.com\/index.php\/produit\/dudgeonniere-ct-525\/","title":{"rendered":"dudgeonniere (CT-525)"},"content":{"rendered":"<div class=\"Y3BBE\" data-sfc-cp=\"\" data-sfc-root=\"c\" data-sfc-cb=\"\" data-hveid=\"CJcCEAA\" data-processed=\"true\"><strong class=\"Yjhzub\" data-sfc-root=\"c\" data-sfc-cb=\"\" data-processed=\"true\">Points forts de ce mod\u00e8le :<\/strong><button class=\"rBl3me\" tabindex=\"0\" data-amic=\"true\" data-icl-uuid=\"74ea099a-1586-480f-a7f0-eb05326ca4d6\" aria-label=\"Afficher les liens associ\u00e9s\" data-wiz-attrbind=\"disabled=luXrFd_32o\/C5gNJc;aria-label=luXrFd_32o\/bOjMyf;class=luXrFd_32o\/UpSNec\" data-ved=\"2ahUKEwjYu8uxsfmTAxVvfqQEHYWqECQQye0OegUIlwIQAQ\" data-hveid=\"CJcCEAE\" data-processed=\"true\"><\/button><\/div>\n<p>&nbsp;<\/p>\n<ul class=\"KsbFXc U6u95\" data-sfc-root=\"c\" data-sfc-cb=\"\" data-processed=\"true\">\n<li class=\"dF3vjf\" data-sfc-root=\"c\" data-sfc-cb=\"\" data-hveid=\"CJoCEAE\" data-processed=\"true\"><span class=\"T286Pc\" data-sfc-cp=\"\" data-sfc-root=\"c\" data-sfc-cb=\"\" data-processed=\"true\"><strong class=\"Yjhzub\" data-sfc-root=\"c\" data-sfc-cb=\"\" data-processed=\"true\">Capacit\u00e9 Multi-Diam\u00e8tres :<\/strong>\u00a02 barres de serrage incluses couvrant les tailles standards : 3\/16&Prime;, 1\/4&Prime;, 5\/16&Prime;, 3\/8&Prime;, 1\/2&Prime;, 5\/8&Prime; (pour tubes de 5mm \u00e0 16mm).<\/span><\/li>\n<li class=\"dF3vjf\" data-sfc-root=\"c\" data-sfc-cb=\"\" data-hveid=\"CJoCEAI\" data-processed=\"true\"><span class=\"T286Pc\" data-sfc-cp=\"\" data-sfc-root=\"c\" data-sfc-cb=\"\" data-processed=\"true\"><strong class=\"Yjhzub\" data-sfc-root=\"c\" data-sfc-cb=\"\" data-processed=\"true\">Pr\u00e9cision :<\/strong>\u00a0\u00c9trier de serrage robuste avec pointe de centrage tremp\u00e9e pour un formage liss\u00e9 du m\u00e9tal.<\/span><\/li>\n<li class=\"dF3vjf\" data-sfc-root=\"c\" data-sfc-cb=\"\" data-hveid=\"CJoCEAQ\" data-processed=\"true\"><span class=\"T286Pc\" data-sfc-cp=\"\" data-sfc-root=\"c\" data-sfc-cb=\"\" data-processed=\"true\"><strong class=\"Yjhzub\" data-sfc-root=\"c\" data-sfc-cb=\"\" data-processed=\"true\">Mat\u00e9riau :<\/strong>\u00a0Acier forg\u00e9 haute qualit\u00e9 pour un usage intensif sans d\u00e9formation.<\/span><button class=\"rBl3me\" tabindex=\"0\" data-amic=\"true\" data-icl-uuid=\"5dadfb70-5e9d-47c1-84be-310d55649fd4\" aria-label=\"Afficher les liens associ\u00e9s\" data-wiz-attrbind=\"disabled=luXrFd_34g\/C5gNJc;aria-label=luXrFd_34g\/bOjMyf;class=luXrFd_34g\/UpSNec\" data-ved=\"2ahUKEwjYu8uxsfmTAxVvfqQEHYWqECQQye0OegUImgIQBQ\" data-hveid=\"CJoCEAU\" data-processed=\"true\"><\/button><\/li>\n<\/ul>\n","protected":false},"excerpt":{"rendered":"<p><strong class=\"Yjhzub\" data-sfc-root=\"c\" data-sfc-cb=\"\" data-processed=\"true\" aria-owns=\"action-menu-parent-container\">Dudgeonni\u00e8re Professionnelle CT-525 \u2013 Coffret Collet Battu &amp; \u00c9vasement (Cuivre Clim).<\/strong><\/p>\n<p>kit de dudgeonnage et d&rsquo;\u00e9vasement haute r\u00e9sistance, id\u00e9al pour r\u00e9aliser des raccordements frigorifiques parfaitement \u00e9tanches sur liaisons cuivre<\/p>\n","protected":false},"featured_media":587,"comment_status":"open","ping_status":"closed","template":"","meta":{"advanced_seo_description":"","jetpack_seo_html_title":"","jetpack_seo_noindex":false},"product_brand":[78],"product_cat":[57],"product_tag":[145,152,146,66,64,154,153,156,155],"class_list":{"0":"post-585","1":"product","2":"type-product","3":"status-publish","4":"has-post-thumbnail","6":"product_brand-eko","7":"product_cat-outils-professionnel","8":"product_tag-collet-battu","9":"product_tag-dudgeonniere-ct-525","10":"product_tag-evasement-cuivre","11":"product_tag-froid-professionnel","12":"product_tag-hvac","13":"product_tag-installation-climatisation","14":"product_tag-outil-frigoriste","15":"product_tag-outillage-cvc","16":"product_tag-plomberie","18":"first","19":"instock","20":"taxable","21":"shipping-taxable","22":"purchasable","23":"product-type-simple"},"jetpack_sharing_enabled":true,"_links":{"self":[{"href":"https:\/\/etstoubal.com\/index.php\/wp-json\/wp\/v2\/product\/585","targetHints":{"allow":["GET"]}}],"collection":[{"href":"https:\/\/etstoubal.com\/index.php\/wp-json\/wp\/v2\/product"}],"about":[{"href":"https:\/\/etstoubal.com\/index.php\/wp-json\/wp\/v2\/types\/product"}],"replies":[{"embeddable":true,"href":"https:\/\/etstoubal.com\/index.php\/wp-json\/wp\/v2\/comments?post=585"}],"wp:featuredmedia":[{"embeddable":true,"href":"https:\/\/etstoubal.com\/index.php\/wp-json\/wp\/v2\/media\/587"}],"wp:attachment":[{"href":"https:\/\/etstoubal.com\/index.php\/wp-json\/wp\/v2\/media?parent=585"}],"wp:term":[{"taxonomy":"product_brand","embeddable":true,"href":"https:\/\/etstoubal.com\/index.php\/wp-json\/wp\/v2\/product_brand?post=585"},{"taxonomy":"product_cat","embeddable":true,"href":"https:\/\/etstoubal.com\/index.php\/wp-json\/wp\/v2\/product_cat?post=585"},{"taxonomy":"product_tag","embeddable":true,"href":"https:\/\/etstoubal.com\/index.php\/wp-json\/wp\/v2\/product_tag?post=585"}],"curies":[{"name":"wp","href":"https:\/\/api.w.org\/{rel}","templated":true}]}}