{"id":588,"date":"2026-04-19T11:13:24","date_gmt":"2026-04-19T09:13:24","guid":{"rendered":"https:\/\/etstoubal.com\/?post_type=product&#038;p=588"},"modified":"2026-04-26T14:21:36","modified_gmt":"2026-04-26T12:21:36","slug":"dudgeonniere-rf-175-fs","status":"publish","type":"product","link":"https:\/\/etstoubal.com\/index.php\/produit\/dudgeonniere-rf-175-fs\/","title":{"rendered":"dudgeonniere (RF-175-FS)"},"content":{"rendered":"<div class=\"Y3BBE\" data-sfc-cp=\"\" data-sfc-root=\"c\" data-sfc-cb=\"\" data-hveid=\"CAEICBAA\" data-complete=\"true\" data-processed=\"true\"><strong class=\"Yjhzub\" data-sfc-root=\"c\" data-sfc-cb=\"\" data-complete=\"true\" data-processed=\"true\">Points forts de ce mod\u00e8le :<\/strong><button class=\"rBl3me\" tabindex=\"0\" data-amic=\"true\" data-icl-uuid=\"53012fc6-bc15-448c-845f-856ca63306b2\" aria-label=\"Afficher les liens associ\u00e9s\" data-wiz-attrbind=\"disabled=dOIFId_1g\/C5gNJc;aria-label=dOIFId_1g\/bOjMyf;class=dOIFId_1g\/UpSNec\" data-ved=\"2ahUKEwjqxu_-xvmTAxVuP_sDHVMtBw0Qye0OegYIAQgIEAE\" data-hveid=\"CAEICBAB\"><\/button><\/div>\n<ul class=\"KsbFXc U6u95\" data-sfc-root=\"c\" data-sfc-cb=\"\" data-processed=\"true\" data-complete=\"true\">\n<li class=\"dF3vjf\" data-sfc-root=\"c\" data-sfc-cb=\"\" data-hveid=\"CAEICRAA\" data-complete=\"true\" data-sae=\"\"><span class=\"T286Pc\" data-sfc-cp=\"\" data-sfc-root=\"c\" data-sfc-cb=\"\" data-complete=\"true\"><strong class=\"Yjhzub\" data-sfc-root=\"c\" data-sfc-cb=\"\" data-complete=\"true\">Double Fonction :<\/strong>\u00a0Permet de r\u00e9aliser des dudgeons \u00e0 45\u00b0 et des embo\u00eetures (\u00e9vasements) gr\u00e2ce aux t\u00eates interchangeables.<\/span><\/li>\n<li class=\"dF3vjf\" data-sfc-root=\"c\" data-sfc-cb=\"\" data-hveid=\"CAEICRAB\" data-complete=\"true\" data-sae=\"\"><span class=\"T286Pc\" data-sfc-cp=\"\" data-sfc-root=\"c\" data-sfc-cb=\"\" data-complete=\"true\"><strong class=\"Yjhzub\" data-sfc-root=\"c\" data-sfc-cb=\"\" data-complete=\"true\">Pr\u00e9cision Suisse :<\/strong>\u00a0\u00c9trier ultra-robuste avec c\u00f4ne en acier tremp\u00e9 pour un fini miroir sur le cuivre.<\/span><\/li>\n<li class=\"dF3vjf\" data-sfc-root=\"c\" data-sfc-cb=\"\" data-hveid=\"CAEICRAC\" data-complete=\"true\" data-sae=\"\"><span class=\"T286Pc\" data-sfc-cp=\"\" data-sfc-root=\"c\" data-sfc-cb=\"\" data-complete=\"true\"><strong class=\"Yjhzub\" data-sfc-root=\"c\" data-sfc-cb=\"\" data-complete=\"true\">Large Gamme de Tailles :<\/strong>\u00a0Couvre tous les diam\u00e8tres standards : 1\/8&Prime;, 3\/16&Prime;, 1\/4&Prime;, 5\/16&Prime;, 3\/8&Prime;, 7\/16&Prime;, 1\/2&Prime;, 5\/8&Prime; et 3\/4&Prime;.<\/span><\/li>\n<li class=\"dF3vjf\" data-sfc-root=\"c\" data-sfc-cb=\"\" data-hveid=\"CAEICRAD\" data-sae=\"\" data-complete=\"true\"><span class=\"T286Pc\" data-sfc-cp=\"\" data-sfc-root=\"c\" data-sfc-cb=\"\" data-complete=\"true\"><strong class=\"Yjhzub\" data-sfc-root=\"c\" data-sfc-cb=\"\" data-complete=\"true\">Conception Ergonomique :<\/strong>\u00a0Poign\u00e9e large pour un serrage sans effort et barres de maintien avec centrage automatique.<\/span><\/li>\n<li class=\"dF3vjf\" data-sfc-root=\"c\" data-sfc-cb=\"\" data-hveid=\"CAEICRAE\" data-complete=\"true\" data-processed=\"true\" data-sae=\"\"><span class=\"T286Pc\" data-sfc-cp=\"\" data-sfc-root=\"c\" data-sfc-cb=\"\" data-complete=\"true\" aria-owns=\"action-menu-parent-container\"><strong class=\"Yjhzub\" data-sfc-root=\"c\" data-sfc-cb=\"\" data-complete=\"true\">Mat\u00e9riaux Premium :<\/strong>\u00a0Con\u00e7u pour durer toute une carri\u00e8re, r\u00e9sistant \u00e0 l&rsquo;usure intensive.<\/span><\/li>\n<\/ul>\n<div class=\"Y3BBE\" data-sfc-cp=\"\" data-sfc-root=\"c\" data-sfc-cb=\"\" data-hveid=\"CAEIChAA\" data-complete=\"true\" data-processed=\"true\"><strong class=\"Yjhzub\" data-sfc-root=\"c\" data-sfc-cb=\"\" data-complete=\"true\" data-processed=\"true\">Contenu du coffret :<\/strong><button class=\"rBl3me\" tabindex=\"0\" data-amic=\"true\" data-icl-uuid=\"5b45bb44-1864-4ade-82b4-132943ea2e60\" aria-label=\"Afficher les liens associ\u00e9s\" data-wiz-attrbind=\"disabled=dOIFId_24\/C5gNJc;aria-label=dOIFId_24\/bOjMyf;class=dOIFId_24\/UpSNec\" data-ved=\"2ahUKEwjqxu_-xvmTAxVuP_sDHVMtBw0Qye0OegYIAQgKEAE\" data-hveid=\"CAEIChAB\"><\/button><\/div>\n<ul class=\"KsbFXc U6u95\" data-sfc-root=\"c\" data-sfc-cb=\"\" data-complete=\"true\" data-processed=\"true\">\n<li class=\"dF3vjf\" data-sfc-root=\"c\" data-sfc-cb=\"\" data-hveid=\"CAEICxAA\" data-complete=\"true\" data-sae=\"\"><span class=\"T286Pc\" data-sfc-cp=\"\" data-sfc-root=\"c\" data-sfc-cb=\"\" data-complete=\"true\">L&rsquo;\u00e9trier de force REFCO.<\/span><\/li>\n<li class=\"dF3vjf\" data-sfc-root=\"c\" data-sfc-cb=\"\" data-hveid=\"CAEICxAB\" data-complete=\"true\" data-sae=\"\"><span class=\"T286Pc\" data-sfc-cp=\"\" data-sfc-root=\"c\" data-sfc-cb=\"\" data-complete=\"true\">Les 2 barres de maintien multi-diam\u00e8tres.<\/span><\/li>\n<li class=\"dF3vjf\" data-sfc-root=\"c\" data-sfc-cb=\"\" data-hveid=\"CAEICxAC\" data-complete=\"true\" data-sae=\"\"><span class=\"T286Pc\" data-sfc-cp=\"\" data-sfc-root=\"c\" data-sfc-cb=\"\" data-complete=\"true\">Le jeu complet d&rsquo;adaptateurs pour \u00e9vasement.<\/span><\/li>\n<li class=\"dF3vjf\" data-sfc-root=\"c\" data-sfc-cb=\"\" data-hveid=\"CAEICxAD\" data-complete=\"true\" data-sae=\"\"><span class=\"T286Pc\" data-sfc-cp=\"\" data-sfc-root=\"c\" data-sfc-cb=\"\" data-complete=\"true\">La mallette de transport rigide d&rsquo;origine.<\/span><button class=\"rBl3me\" tabindex=\"0\" data-amic=\"true\" data-icl-uuid=\"85604fa0-98db-4242-a97e-aa10eb0401a6\" aria-label=\"Afficher les liens associ\u00e9s\" data-wiz-attrbind=\"disabled=dOIFId_2g\/C5gNJc;aria-label=dOIFId_2g\/bOjMyf;class=dOIFId_2g\/UpSNec\" data-ved=\"2ahUKEwjqxu_-xvmTAxVuP_sDHVMtBw0Qye0OegYIAQgLEAQ\" data-hveid=\"CAEICxAE\"><\/button><\/li>\n<\/ul>\n","protected":false},"excerpt":{"rendered":"<p><strong class=\"Yjhzub\" data-sfc-root=\"c\" data-sfc-cb=\"\" data-complete=\"true\" data-processed=\"true\" aria-owns=\"action-menu-parent-container\">Dudgeonni\u00e8re Professionnelle REFCO RF-175-FS \u2013 Qualit\u00e9 Suisse (1\/8&Prime; \u00e0 3\/4&Prime;).<\/strong><\/p>\n<div class=\"Y3BBE\" data-sfc-cp=\"\" data-sfc-root=\"c\" data-sfc-cb=\"\" data-hveid=\"CAEIBxAA\" data-complete=\"true\" data-processed=\"true\">Coffret de dudgeonnage haut de gamme REFCO. C&rsquo;est l&rsquo;outil indispensable pour les techniciens qui exigent des collets battus d&rsquo;une pr\u00e9cision chirurgicale pour \u00e9viter toute fuite de gaz.<button class=\"rBl3me\" tabindex=\"0\" data-amic=\"true\" data-icl-uuid=\"0d440615-df1b-428e-b740-9a2654b787f4\" aria-label=\"Afficher les liens associ\u00e9s\" data-wiz-attrbind=\"disabled=dOIFId_1b\/C5gNJc;aria-label=dOIFId_1b\/bOjMyf;class=dOIFId_1b\/UpSNec\" data-ved=\"2ahUKEwjqxu_-xvmTAxVuP_sDHVMtBw0Qye0OegYIAQgHEAE\" data-hveid=\"CAEIBxAB\"><\/button><\/div>\n","protected":false},"featured_media":590,"comment_status":"open","ping_status":"closed","template":"","meta":{"advanced_seo_description":"","jetpack_seo_html_title":"","jetpack_seo_noindex":false},"product_brand":[157],"product_cat":[57],"product_tag":[145,159,146,100,64,140,161,160,158],"class_list":{"0":"post-588","1":"product","2":"type-product","3":"status-publish","4":"has-post-thumbnail","6":"product_brand-refco","7":"product_cat-outils-professionnel","8":"product_tag-collet-battu","9":"product_tag-dudgeonniere-pro","10":"product_tag-evasement-cuivre","11":"product_tag-froid-et-climatisation","12":"product_tag-hvac","13":"product_tag-installation-clim","14":"product_tag-outil-de-precision","15":"product_tag-outillage-frigoriste-suisse","16":"product_tag-refco-rf-175-fs","18":"first","19":"instock","20":"taxable","21":"shipping-taxable","22":"purchasable","23":"product-type-simple"},"jetpack_sharing_enabled":true,"_links":{"self":[{"href":"https:\/\/etstoubal.com\/index.php\/wp-json\/wp\/v2\/product\/588","targetHints":{"allow":["GET"]}}],"collection":[{"href":"https:\/\/etstoubal.com\/index.php\/wp-json\/wp\/v2\/product"}],"about":[{"href":"https:\/\/etstoubal.com\/index.php\/wp-json\/wp\/v2\/types\/product"}],"replies":[{"embeddable":true,"href":"https:\/\/etstoubal.com\/index.php\/wp-json\/wp\/v2\/comments?post=588"}],"wp:featuredmedia":[{"embeddable":true,"href":"https:\/\/etstoubal.com\/index.php\/wp-json\/wp\/v2\/media\/590"}],"wp:attachment":[{"href":"https:\/\/etstoubal.com\/index.php\/wp-json\/wp\/v2\/media?parent=588"}],"wp:term":[{"taxonomy":"product_brand","embeddable":true,"href":"https:\/\/etstoubal.com\/index.php\/wp-json\/wp\/v2\/product_brand?post=588"},{"taxonomy":"product_cat","embeddable":true,"href":"https:\/\/etstoubal.com\/index.php\/wp-json\/wp\/v2\/product_cat?post=588"},{"taxonomy":"product_tag","embeddable":true,"href":"https:\/\/etstoubal.com\/index.php\/wp-json\/wp\/v2\/product_tag?post=588"}],"curies":[{"name":"wp","href":"https:\/\/api.w.org\/{rel}","templated":true}]}}