{"id":631,"date":"2026-04-20T11:13:22","date_gmt":"2026-04-20T09:13:22","guid":{"rendered":"https:\/\/etstoubal.com\/?post_type=product&#038;p=631"},"modified":"2026-04-26T14:15:29","modified_gmt":"2026-04-26T12:15:29","slug":"valve-de-charge-rapide-1-4-adaptateur-laiton-special-frigoriste-sav-froid-2","status":"publish","type":"product","link":"https:\/\/etstoubal.com\/index.php\/produit\/valve-de-charge-rapide-1-4-adaptateur-laiton-special-frigoriste-sav-froid-2\/","title":{"rendered":"Valve de Charge Rapide 1\/4&Prime; + Adaptateur Laiton \u2013 Sp\u00e9cial Frigoriste &#038; SAV Froid"},"content":{"rendered":"<p>-Usage : Indispensable pour le d\u00e9pannage de r\u00e9frig\u00e9rateurs, cong\u00e9lateurs, climatiseurs auto et r\u00e9sidentiels.<\/p>\n","protected":false},"excerpt":{"rendered":"<p>kit de connexion rapide pour circuits frigorifiques, con\u00e7u pour une \u00e9tanch\u00e9it\u00e9 parfaite et une manipulation sans perte de r\u00e9frig\u00e9rant.<\/p>\n","protected":false},"featured_media":637,"comment_status":"open","ping_status":"closed","template":"","meta":{"advanced_seo_description":"","jetpack_seo_html_title":"","jetpack_seo_noindex":false},"product_brand":[78],"product_cat":[57],"product_tag":[112,122,100,66,64,84,98],"class_list":{"0":"post-631","1":"product","2":"type-product","3":"status-publish","4":"has-post-thumbnail","6":"product_brand-eko","7":"product_cat-outils-professionnel","8":"product_tag-clim-r32","9":"product_tag-entretien-climatisation","10":"product_tag-froid-et-climatisation","11":"product_tag-froid-professionnel","12":"product_tag-hvac","13":"product_tag-maintenance-froid","14":"product_tag-maintenance-hvac","16":"first","17":"instock","18":"taxable","19":"shipping-taxable","20":"purchasable","21":"product-type-simple"},"jetpack_sharing_enabled":true,"_links":{"self":[{"href":"https:\/\/etstoubal.com\/index.php\/wp-json\/wp\/v2\/product\/631","targetHints":{"allow":["GET"]}}],"collection":[{"href":"https:\/\/etstoubal.com\/index.php\/wp-json\/wp\/v2\/product"}],"about":[{"href":"https:\/\/etstoubal.com\/index.php\/wp-json\/wp\/v2\/types\/product"}],"replies":[{"embeddable":true,"href":"https:\/\/etstoubal.com\/index.php\/wp-json\/wp\/v2\/comments?post=631"}],"wp:featuredmedia":[{"embeddable":true,"href":"https:\/\/etstoubal.com\/index.php\/wp-json\/wp\/v2\/media\/637"}],"wp:attachment":[{"href":"https:\/\/etstoubal.com\/index.php\/wp-json\/wp\/v2\/media?parent=631"}],"wp:term":[{"taxonomy":"product_brand","embeddable":true,"href":"https:\/\/etstoubal.com\/index.php\/wp-json\/wp\/v2\/product_brand?post=631"},{"taxonomy":"product_cat","embeddable":true,"href":"https:\/\/etstoubal.com\/index.php\/wp-json\/wp\/v2\/product_cat?post=631"},{"taxonomy":"product_tag","embeddable":true,"href":"https:\/\/etstoubal.com\/index.php\/wp-json\/wp\/v2\/product_tag?post=631"}],"curies":[{"name":"wp","href":"https:\/\/api.w.org\/{rel}","templated":true}]}}