{"id":765,"date":"2026-04-26T15:14:15","date_gmt":"2026-04-26T13:14:15","guid":{"rendered":"https:\/\/etstoubal.com\/?post_type=product&#038;p=765"},"modified":"2026-04-26T15:19:10","modified_gmt":"2026-04-26T13:19:10","slug":"bouteille-gaz-r600a-420g-recharge-frigo-congelateur-domestique","status":"publish","type":"product","link":"https:\/\/etstoubal.com\/index.php\/produit\/bouteille-gaz-r600a-420g-recharge-frigo-congelateur-domestique\/","title":{"rendered":"Bouteille Gaz R600a (420g) \u2013 Recharge Frigo &#038; Cong\u00e9lateur Domestique"},"content":{"rendered":"<ul class=\"KsbFXc U6u95\" data-sfc-root=\"c\" data-sfc-cb=\"\" data-complete=\"true\" data-processed=\"true\">\n<li class=\"Z1qcYe\" data-sfc-cp=\"\" data-sfc-root=\"c\" data-sfc-cb=\"\" data-hveid=\"CAEICRAA\" data-complete=\"true\" data-sae=\"\"><span class=\"T286Pc\" data-sfc-cp=\"\" data-sfc-root=\"c\" data-sfc-cb=\"\" data-complete=\"true\"><strong class=\"Yjhzub\" data-sfc-root=\"c\" data-sfc-cb=\"\" data-complete=\"true\">Performance :<\/strong>\u00a0Gaz de haute puret\u00e9 pour un froid optimal et une basse consommation d&rsquo;\u00e9nergie.<\/span><\/li>\n<li class=\"Z1qcYe\" data-sfc-cp=\"\" data-sfc-root=\"c\" data-sfc-cb=\"\" data-hveid=\"CAEICRAB\" data-complete=\"true\" data-sae=\"\"><span class=\"T286Pc\" data-sfc-cp=\"\" data-sfc-root=\"c\" data-sfc-cb=\"\" data-complete=\"true\"><strong class=\"Yjhzub\" data-sfc-root=\"c\" data-sfc-cb=\"\" data-complete=\"true\">\u00c9cologique :<\/strong>\u00a0Impact environnemental quasi nul (GWP=3), sans danger pour la couche d&rsquo;ozone.<\/span><\/li>\n<li class=\"Z1qcYe\" data-sfc-cp=\"\" data-sfc-root=\"c\" data-sfc-cb=\"\" data-hveid=\"CAEICRAC\" data-complete=\"true\" data-sae=\"\"><span class=\"T286Pc\" data-sfc-cp=\"\" data-sfc-root=\"c\" data-sfc-cb=\"\" data-complete=\"true\"><strong class=\"Yjhzub\" data-sfc-root=\"c\" data-sfc-cb=\"\" data-complete=\"true\">Format pratique :<\/strong>\u00a0420g, soit la quantit\u00e9 parfaite pour effectuer plusieurs interventions sur des frigos de taille standard.<\/span><\/li>\n<li class=\"Z1qcYe\" data-sfc-cp=\"\" data-sfc-root=\"c\" data-sfc-cb=\"\" data-hveid=\"CAEICRAD\" data-complete=\"true\" data-sae=\"\"><span class=\"T286Pc\" data-sfc-cp=\"\" data-sfc-root=\"c\" data-sfc-cb=\"\" data-complete=\"true\"><strong class=\"Yjhzub\" data-sfc-root=\"c\" data-sfc-cb=\"\" data-complete=\"true\">Valve standard :<\/strong> Raccord filet\u00e9 compatible avec les vannes de charge pour R600a.<\/span><\/li>\n<\/ul>\n<div class=\"n6owBd awi2gc\" data-sfc-cp=\"\" data-sfc-root=\"c\" data-sfc-cb=\"\" data-hveid=\"CAEIChAA\" data-complete=\"true\" data-processed=\"true\" aria-owns=\"action-menu-parent-container\"><strong class=\"Yjhzub\" data-sfc-root=\"c\" data-sfc-cb=\"\" data-complete=\"true\" data-processed=\"true\">Usage :<\/strong> R\u00e9frig\u00e9rateurs, cong\u00e9lateurs,\u00a0 et petits appareils frigorifiques r\u00e9cents.<\/div>\n","protected":false},"excerpt":{"rendered":"<p><strong>Vends bouteille de gaz r\u00e9frig\u00e9rant\u00a0R600a, id\u00e9ale pour les techniciens en \u00e9lectrom\u00e9nager ou pour la r\u00e9paration de votre r\u00e9frig\u00e9rateur personnel.<\/strong><\/p>\n","protected":false},"featured_media":482,"comment_status":"open","ping_status":"closed","template":"","meta":{"advanced_seo_description":"","jetpack_seo_html_title":"","jetpack_seo_noindex":false},"product_brand":[193],"product_cat":[55],"product_tag":[201,90,199,106,143,122,197,114,200,100,66,64,198,194,195,196,202],"class_list":{"0":"post-765","1":"product","2":"type-product","3":"status-publish","4":"has-post-thumbnail","6":"product_brand-refrigerant","7":"product_cat-freon-et-gaz","8":"product_tag-bouteille-r600a","9":"product_tag-charge-gaz-clim","10":"product_tag-depannage-electromenager","11":"product_tag-depannage-froid","12":"product_tag-dudgeonniere","13":"product_tag-entretien-climatisation","14":"product_tag-fluide-frigorigene","15":"product_tag-froid-commercial","16":"product_tag-froid-domestique","17":"product_tag-froid-et-climatisation","18":"product_tag-froid-professionnel","19":"product_tag-hvac","20":"product_tag-isobutane","21":"product_tag-r600a","22":"product_tag-r600a-420g","23":"product_tag-recharge-frigo","24":"product_tag-reparation-congelateur","26":"first","27":"instock","28":"taxable","29":"shipping-taxable","30":"purchasable","31":"product-type-simple"},"jetpack_sharing_enabled":true,"_links":{"self":[{"href":"https:\/\/etstoubal.com\/index.php\/wp-json\/wp\/v2\/product\/765","targetHints":{"allow":["GET"]}}],"collection":[{"href":"https:\/\/etstoubal.com\/index.php\/wp-json\/wp\/v2\/product"}],"about":[{"href":"https:\/\/etstoubal.com\/index.php\/wp-json\/wp\/v2\/types\/product"}],"replies":[{"embeddable":true,"href":"https:\/\/etstoubal.com\/index.php\/wp-json\/wp\/v2\/comments?post=765"}],"wp:featuredmedia":[{"embeddable":true,"href":"https:\/\/etstoubal.com\/index.php\/wp-json\/wp\/v2\/media\/482"}],"wp:attachment":[{"href":"https:\/\/etstoubal.com\/index.php\/wp-json\/wp\/v2\/media?parent=765"}],"wp:term":[{"taxonomy":"product_brand","embeddable":true,"href":"https:\/\/etstoubal.com\/index.php\/wp-json\/wp\/v2\/product_brand?post=765"},{"taxonomy":"product_cat","embeddable":true,"href":"https:\/\/etstoubal.com\/index.php\/wp-json\/wp\/v2\/product_cat?post=765"},{"taxonomy":"product_tag","embeddable":true,"href":"https:\/\/etstoubal.com\/index.php\/wp-json\/wp\/v2\/product_tag?post=765"}],"curies":[{"name":"wp","href":"https:\/\/api.w.org\/{rel}","templated":true}]}}